 - 4641. List the prime factors of w(11).
37423
Suppose -1045 = -3*m - 2*q, 3*m - 855 = -3*q + 189. Suppose -m = 52*u - 53*u. What are the prime factors of u?
349
Let f(y) = y + 8. Let c be f(-5). Let i be (-10)/(-300)*6 + 76/20. Suppose -i*u - 323 = -c*p + 188, p = -4*u + 181. What are the prime factors of p?
173
Let l = -1090 - -604. Let w = l - -1014. What are the prime factors of w?
2, 3, 11
Let l(m) = -m - 13. Let n be l(-17). Suppose 59 = -4*o - 5*g + 1712, -n*g = 4*o - 1648. Let r = o - 217. What are the prime factors of r?
2, 5, 19
Suppose 5*l = 3*o - 172130, o + l + 12471 = 69845. What are the prime factors of o?
3, 5, 17
Suppose -19*z + 7*z - 36 = 0. Let u(n) = 95*n**2 + n + 7. List the prime factors of u(z).
859
Let j be (5/6)/(2/12). Let d be 32/40 + 11/j. Suppose -d*r + 4*r - 23 = 0. What are the prime factors of r?
23
Let g = 117436 - 65961. List the prime factors of g.
5, 29, 71
Let c(b) = -2*b**3 - 11*b**2 + 65*b + 37. Let m be c(-16). Suppose -11*d + m = -1479. What are the prime factors of d?
2, 7, 19
Let q(s) = 430*s**2 + 25*s + 55. List the prime factors of q(-3).
2, 5, 7, 11
Suppose -6*n + 4*y = -n - 34516, -2*y = 5*n - 34522. List the prime factors of n.
2, 863
Let w = 71094 + -50007. List the prime factors of w.
3, 11, 71
Let g(k) = -6*k**3 + 3*k**2 + 7*k - 8. Let f be g(4). Let z = 624 + f. What are the prime factors of z?
2, 7, 11
Suppose 18 = 4*z - 14. Let j be (z/3 - 2) + 175/21. Suppose j*b - 875 - 736 = 0. List the prime factors of b.
179
Suppose 2*m - 3*m = -2*t + 815, -4*t - 4*m = -1648. Let v = 830 - t. List the prime factors of v.
421
List the prime factors of (-2 - (-313962)/27) + 26/(-117).
2, 5813
Suppose -4*s = 5*x - 51974, -54*x + 3*s - 31188 = -57*x. What are the prime factors of x?
2, 5, 1039
Let z be ((-32)/(-6))/(8/24) + -3. Suppose -5406 = -4*i - z*i. What are the prime factors of i?
2, 3, 53
What are the prime factors of 6/(-2) + 34140/36*66/5?
5, 2503
Let p(r) = r**2 - 19*r + 30. Let f be p(20). Let j = 56 - f. Suppose j*z - 2*z - 212 = 0. What are the prime factors of z?
53
Let z be (-1174)/7 + (-2)/7. Let u be (-273)/26*(-128)/(-12). Let w = u - z. What are the prime factors of w?
2, 7
Suppose -5*i = -830 + 1830. Let x = -25 - i. List the prime factors of x.
5, 7
Suppose 2*c + 2*c - 432 = 0. Suppose -p = 4*p + 2*u - c, 0 = -3*p + 5*u + 71. Suppose p - 6 = f. What are the prime factors of f?
2
Suppose -178*m + 3062839 = -49*m + 92*m. List the prime factors of m.
13859
Suppose 12*z - 40095 + 122982 = 33*z. List the prime factors of z.
3947
Suppose 0 = 4*u + 6*h - 7*h - 66715, -h = -9*u + 150100. What are the prime factors of u?
3, 17, 109
Suppose 0 = -6*b + 34254 - 7980. List the prime factors of b.
29, 151
Suppose -r - 4*g + 50 = 0, r - g - 43 + 13 = 0. Suppose 5*x = -4*u + 5*u - r, 0 = -2*u + 2*x + 100. Let h = u + -10. List the prime factors of h.
2, 11
Let x be (-6)/(-4)*(-100)/15. Let u be 15*-2*15/x. Suppose 0 = 2*d - u - 255. List the prime factors of d.
2, 3, 5
Let r = -27 - -26. Let l be r + 3 + 103 + 3. List the prime factors of ((-4)/(-6))/(-1 + 112/l).
2, 3
Let t(j) = -341*j**3 - 5*j**2 - 4*j - 6. Let w be t(-2). Suppose -m + 11*m = w. List the prime factors of m.
271
List the prime factors of -103 + 103 + (4 + -2)/(3/94944).
2, 23, 43
Let m = -4539 - -50182. What are the prime factors of m?
13, 3511
Suppose -187410 = -11*f - 9*f + 100670. What are the prime factors of f?
2, 13, 277
Let b be 54/(-4) - 123/(-82). Let r(u) = -28*u - 92. List the prime factors of r(b).
2, 61
Let c = -30 + 41. Suppose 662 = c*r - 339. List the prime factors of r.
7, 13
Suppose 4*t - 3*w = -76784 + 197426, 5*t - 4*w = 150802. List the prime factors of t.
2, 3, 11, 457
Let l be 162/216 - ((-10)/8 - -2). Suppose -13*f + 9*f - 4*p + 376 = l, -3*p = 6. What are the prime factors of f?
2, 3
Let x(a) = -34*a + 2. Let q = 68 + -43. Suppose 0 = 2*r + s - 6 + 13, q = -5*r - s. List the prime factors of x(r).
2, 103
Let c(q) be the third derivative of -q**6/120 - 7*q**5/20 + 5*q**4 - 29*q**3/6 + 26*q**2 - 3*q. What are the prime factors of c(-27)?
5, 13, 17
Suppose -12*m + 33*m - 156897 = -30981. List the prime factors of m.
2, 1499
Let n(c) = -c + 5. Let l be 5 + -4 + -3 + 8. Let b be n(l). List the prime factors of (b - -15)*7 - 5.
3, 31
Let x be ((-80)/12)/((-2)/(-6)*-2). Let w be 267*x*(-4)/(-24). Suppose 0 = 5*h - w - 195. List the prime factors of h.
2
Suppose -21*d = -26*d. Suppose -3*o + 6 = -3*a, -2*o - 2*a + d = -4. What are the prime factors of (1060/12 - -2) + o/(-6)?
2, 3, 5
Let t(o) = -o**3 + o**2 + 55. Let k be t(0). Let p = 179 - k. Suppose -4*z + 53 = -2*q - 41, 0 = 4*z + 4*q - p. List the prime factors of z.
2, 13
Suppose -28*i + 26*i = -120. Let u be 1 - (2 - (-4 + i)). What are the prime factors of 5357/u - (-2)/(-5)?
97
Let g(b) = 8*b**2 - 14*b + 35. Let w be g(7). Suppose -4*x + 989 = 3*h, 0 = h - 2*h - 2*x + w. List the prime factors of h.
331
Let w = 97107 + -63707. What are the prime factors of (-6)/(-27) - w/(-36)?
2, 29
Let h(v) = 9*v + 23. Let r be h(5). List the prime factors of 2/10 + 47/20*r.
2, 5
Let q = 124 - 119. Suppose 5*z + 2*f - 17 - 7 = 0, -z = -q*f - 21. Suppose -2*w = 4*x - z*w - 1020, 4*w = 0. What are the prime factors of x?
3, 5, 17
Let t(u) = 80*u + 16. Let o be t(3). Suppose -f = 10 - 5, f + o = q. List the prime factors of q.
251
Let x = -2634 - -3855. Let m = -810 + x. List the prime factors of m.
3, 137
Suppose 7*n - 2 = 6*n. What are the prime factors of (-1)/(n/540)*(-30)/20?
3, 5
Suppose -5*l + 6*l + 20 = 0. Let c = l - -199. List the prime factors of c.
179
Let m be ((-2)/(-2) - 4)*11208/(-36). Suppose 0 = -11*b + m + 3279. List the prime factors of b.
383
Suppose -210677 = -105*j + 157138. List the prime factors of j.
31, 113
What are the prime factors of (13 - (-356)/28)/(4188/2093 + -2)?
2, 3, 5, 13, 23
Let p be (-4)/(-24) - 11146/(-12). Let c = p + -493. List the prime factors of c.
2, 109
Suppose 3*j + 335*r - 330*r = 5184, -3*r + 3457 = 2*j. List the prime factors of j.
1733
Suppose 0 = -24*v - 7*v + 320013. List the prime factors of v.
3, 31, 37
Let a be (-33)/6 + 4 - 4/(-8). What are the prime factors of 7 - (a + 4) - -643?
647
Let b = -13 - -32. Let u = b - 14. Suppose -n - 252 = -u*n. List the prime factors of n.
3, 7
Let w be (16 + -4)*(6 + (3 - 1)). Suppose 0*d - b - 84 = -d, -d + 4*b + w = 0. Suppose -d*r - 170 = -85*r. List the prime factors of r.
2, 17
List the prime factors of 10607 - 232 - (-7)/(-1).
2, 3
Let i(x) be the first derivative of -3*x**2/2 + 129*x + 168. What are the prime factors of i(-8)?
3, 17
Suppose -q + 5 = 0, 60*y - 57*y = 4*q + 101092. What are the prime factors of y?
2, 11, 383
Let y be ((-6)/(-12))/(1/8). Suppose -3*a = -y*u + 891, 4*u - u = 2*a + 668. What are the prime factors of u?
2, 3, 37
Let u be 0 + 5 + 0 - 3. Let b be 1/u + (-105)/(-30). Suppose -6*l + 2*l - 5*g + 236 = 0, 286 = 5*l + b*g. What are the prime factors of l?
2, 3
What are the prime factors of (-46)/2 + 8143 + 154?
2, 3, 7, 197
Suppose -43*h + 562244 + 833887 = 22066. List the prime factors of h.
5, 7, 11, 83
Suppose -12*f + 146 - 2 = 0. Suppose -f*x + 766 + 4142 = 0. What are the prime factors of x?
409
Suppose 0 = -843*f + 816*f + 1983177. What are the prime factors of f?
7, 1499
List the prime factors of ((13413 - -11)/(-8))/(-1).
2, 839
Suppose 3325 = 3*n - 1358. Let f = -698 + n. List the prime factors of f.
863
Let w be 14/(-35) - (-2)/5. Suppose 3*a - 65 + 14 = w. Suppose -4*h + a = -3*h. List the prime factors of h.
17
Let i be -3 + (6 - 8) + 4. Let y(g) = 318*g**2 + 11*g + 12. List the prime factors of y(i).
11, 29
Let n(w) = -w**3 - 16*w**2 + 18*w + 22. Let k be n(-17). Suppose k = -7*s - 16. Let r = 112 - s. List the prime factors of r.
5, 23
Let y = -43 + 48. Suppose -3*c + 95 = -y*z + 16, 0 = -z - 5. Suppose 8 = 3*m + 2*a - 31, -a = -m + c. What are the prime factors of m?
3, 5
Let l be (-66)/88 + (1 - (-302)/8). Suppose -l*v + 3*a = -33*v - 2296, -5*v - 3*a + 2314 = 0. What are the prime factors of v?
461
Suppose -7*g + 80 = 52. Suppose 2*o = 4*k + 602 - 7336, -4*o = g*k - 6728. List the prime factors of k.
3, 11, 17
What are the prime factors of ((-4295816)/(-287))/(4/7)?
2, 7, 1871
Suppose 7*y - 22*y = 105. Let o(u) = 4*u**2 + 8*u + 50. L